{"id":2002,"date":"2025-02-13T16:00:41","date_gmt":"2025-02-13T15:00:41","guid":{"rendered":"https:\/\/www.zameceklany.cz\/datenschutzbestimmungen\/"},"modified":"2025-11-03T19:22:31","modified_gmt":"2025-11-03T18:22:31","slug":"datenschutzbestimmungen","status":"publish","type":"page","link":"https:\/\/www.zameceklany.cz\/de\/datenschutzbestimmungen\/","title":{"rendered":"Datenschutzbestimmungen"},"content":{"rendered":"\t\t<div data-elementor-type=\"wp-page\" data-elementor-id=\"2002\" class=\"elementor elementor-2002 elementor-3\" data-elementor-post-type=\"page\">\n\t\t\t\t<div class=\"elementor-element elementor-element-304b077 e-flex e-con-boxed e-con e-parent\" data-id=\"304b077\" data-element_type=\"container\" data-settings=\"{&quot;background_background&quot;:&quot;classic&quot;}\">\n\t\t\t\t\t<div class=\"e-con-inner\">\n\t\t<div class=\"elementor-element elementor-element-0518555 e-grid e-con-boxed e-con e-child\" data-id=\"0518555\" data-element_type=\"container\">\n\t\t\t\t\t<div class=\"e-con-inner\">\n\t\t\t\t<div class=\"elementor-element elementor-element-9cb37a0 elementor-widget elementor-widget-text-editor\" data-id=\"9cb37a0\" data-element_type=\"widget\" data-widget_type=\"text-editor.default\">\n\t\t\t\t<div class=\"elementor-widget-container\">\n\t\t\t\t\t\t\t\t\t<p>Sie erteilen die Einwilligung zur Verarbeitung personenbezogener Daten an:<\/p><p><strong>Subjekt<\/strong>: Z\u00e1me\u010dek L\u00e1ny s.r.o.<br><strong>Sitz<\/strong>: Zrzav\u00e9ho 1705\/2a, \u0158epy, 163&nbsp;00 Praha<br><strong>I\u010cO<\/strong>: 09322329<br><strong>Rechtsform<\/strong>: Gesellschaft mit beschr\u00e4nkter Haftung<\/p><p>damit diese in \u00dcbereinstimmung mit dem Gesetz \u00fcber den Schutz personenbezogener Daten und der DSGVO als Verantwortlicher personenbezogene Daten gem\u00e4\u00df den nachstehenden Bedingungen verarbeitet.<\/p>\t\t\t\t\t\t\t\t<\/div>\n\t\t\t\t<\/div>\n\t\t\t\t<div class=\"elementor-element elementor-element-7c1e81c elementor-widget elementor-widget-text-editor\" data-id=\"7c1e81c\" data-element_type=\"widget\" data-widget_type=\"text-editor.default\">\n\t\t\t\t<div class=\"elementor-widget-container\">\n\t\t\t\t\t\t\t\t\t<p>Beim Umgang mit personenbezogenen Daten verfahren wir in \u00dcbereinstimmung mit der Rechtsordnung der Tschechischen Republik und den unmittelbar anwendbaren Vorschriften der Europ\u00e4ischen Union, insbesondere mit dem Gesetz Nr. 110\/2019 Slg. \u00fcber die Verarbeitung personenbezogener Daten in der Fassung sp\u00e4terer Vorschriften, dem Gesetz Nr. 480\/2004 Slg. sowie in \u00dcbereinstimmung mit Artikel 13 der Verordnung (EU) 2016\/679 des Europ\u00e4ischen Parlaments und des Rates vom 27. April 2016, der Datenschutz-Grundverordnung \u00fcber bestimmte Dienste der Informationsgesellschaft und zur \u00c4nderung bestimmter Gesetze in der Fassung sp\u00e4terer Vorschriften.<\/p>\n<p>In den folgenden Zeilen erl\u00e4utern wir Ihnen, wie und zu welchem Zweck wir Ihre personenbezogenen Daten verarbeiten und wer deren Verarbeiter sein k\u00f6nnen. Diese Informationen sind wichtig, daher hoffen wir, dass Sie sich die Zeit nehmen und alles sorgf\u00e4ltig lesen. <\/p>\t\t\t\t\t\t\t\t<\/div>\n\t\t\t\t<\/div>\n\t\t\t\t\t<\/div>\n\t\t\t\t<\/div>\n\t\t\t\t<div class=\"elementor-element elementor-element-b86052b elementor-widget elementor-widget-text-editor\" data-id=\"b86052b\" data-element_type=\"widget\" data-widget_type=\"text-editor.default\">\n\t\t\t\t<div class=\"elementor-widget-container\">\n\t\t\t\t\t\t\t\t\t<h3>Welche Daten verarbeiten wir als Verantwortliche?<\/h3>\n<h4>Ausf\u00fcllen des Formulars<\/h4>\n<ul>\n<li>Vor- und Nachname<\/li>\n<li>Telefonnummer<\/li>\n<li>E-Mail-Adresse<\/li>\n<\/ul>\n<h3>Wann ist keine Einwilligung zur Verarbeitung personenbezogener Daten erforderlich?<\/h3>\n<p>Wir d\u00fcrfen personenbezogene Daten auch ohne Ihre Einwilligung nur f\u00fcr folgende Zwecke verarbeiten:<\/p>\n<ul>\n<li><b><strong>Erf\u00fcllung eines Vertrags, dessen Gegenstand die Erbringung einer Dienstleistung oder eines Produkts ist<\/strong><\/b><\/li>\n<li><b><strong>Erf\u00fcllung rechtlicher Verpflichtungen<\/strong><\/b>, die sich f\u00fcr uns aus allgemein verbindlichen Rechtsvorschriften ergeben.<\/li>\n<li>Verarbeitung im Rahmen des <b><strong>berechtigten Interesses<\/strong><\/b> (z. B. f\u00fcr Direktmarketing, Gew\u00e4hrleistung der Sicherheit und des Schutzes des Lebens).<\/li>\n<\/ul>\n<h3>Zu welchem Zweck verwalten wir personenbezogene Daten und wie lange?<\/h3>\n<p>Die Daten k\u00f6nnen f\u00fcr Gesch\u00e4fts- und Marketingzwecke verwendet werden, d. h. zur F\u00fchrung einer Datenbank von Nutzern der Webseite und zur Anbietung von Waren und Dienstleistungen, und zwar f\u00fcr die Dauer des Bestehens des Rechtsgrundes f\u00fcr diese Art der Verarbeitung und Nutzung von personenbezogenen und anderen Daten. Mit anderen Worten, wir erheben Ihre personenbezogenen Daten, um Ihnen die Nutzung unserer Dienste zu erm\u00f6glichen und Sie \u00fcber Neuigkeiten zu informieren. Lesen Sie mehr dar\u00fcber, zu welchem Zweck wir die einzelnen Daten je nach Ort ihrer Ausf\u00fcllung verwalten.   <\/p>\n<p><b><strong>Ausf\u00fcllen des Formulars<\/strong><\/b> \u2013 Verarbeitung der personenbezogenen Daten, die beim Ausf\u00fcllen der Formularzustimmung angegeben werden, zum Zwecke der Vertragserf\u00fcllung, d. h. zum Zwecke der Lieferung von Waren oder der Erbringung von Dienstleistungen. Dar\u00fcber hinaus k\u00f6nnen wir diese Daten verarbeiten, um unsere gesetzlichen Verpflichtungen zu erf\u00fcllen (insbesondere Evidenzpflichten, Archivierung von Steuerbelegen usw.) und zum Zwecke des Schutzes unserer Rechtsanspr\u00fcche. <\/p>\n<p><b><strong>Identifikations- und Adressdaten<\/strong><\/b> k\u00f6nnen wir in \u00dcbereinstimmung mit dem sogenannten berechtigten Interesse f\u00fcr die Erstellung interner Statistiken verwenden. Wir verwenden anonymisierte Ergebnisse aus diesen Statistiken, um unsere Dienstleistungen zu verbessern, einschlie\u00dflich der Analyse des Nutzerverhaltens und des Marketings.  <\/p>\n<p><b><strong>Personenbezogene Daten, die \u00fcber Cookies erhalten werden<\/strong><\/b>, verarbeiten wir auf der Grundlage Ihrer Einwilligung (die Sie durch Best\u00e4tigung auf der Weboberfl\u00e4che erteilen k\u00f6nnen, nachdem Sie auf die Verwendung von Cookies hingewiesen wurden und die M\u00f6glichkeit hatten, sich mit diesen Richtlinien vertraut zu machen). Wir sind berechtigt, personenbezogene Daten, die \u00fcber Cookies gewonnen werden, auch dann zu verarbeiten, wenn Sie die Weboberfl\u00e4che weiterhin nutzen, nachdem Sie auf die Verarbeitung dieser personenbezogenen Daten hingewiesen wurden. Wir verwenden personenbezogene Daten, die wir \u00fcber Cookies erhalten, f\u00fcr Zwecke der Durchf\u00fchrung des Nutzersupports, der Verbesserung unserer Dienstleistungen einschlie\u00dflich der Analyse des Nutzerverhaltens und des Marketings.  <\/p>\n<p>Alle f\u00fcr die oben genannten Zwecke bereitgestellten personenbezogenen Daten werden v\u00f6llig freiwillig bereitgestellt, und die \u00c4u\u00dferung ihrer Zustimmung erfolgt durch aktive Interaktion (Ankreuzen) des Feldes mit der Zustimmung zu ihrer Verarbeitung oder auf der Grundlage eines berechtigten Interesses. Die Verarbeitung von Daten zu diesem Zweck k\u00f6nnen Sie jederzeit per E-Mail widerrufen. <\/p>\n<h3>Welche Rechte habe ich im Zusammenhang mit dem Schutz personenbezogener Daten?<\/h3>\n<ul>\n<li>Von uns eine Auskunft dar\u00fcber zu verlangen, welche Ihrer personenbezogenen Daten wir verarbeiten.<\/li>\n<li>Von uns eine Erl\u00e4uterung zur Verarbeitung personenbezogener Daten zu verlangen.<\/li>\n<li>Bei uns Zugang zu diesen Daten zu beantragen und diese aktualisieren oder korrigieren zu lassen.<\/li>\n<li>Von uns die L\u00f6schung dieser personenbezogenen Daten zu verlangen.<\/li>\n<li>Die \u00dcbertragung von Daten zu verlangen.<\/li>\n<li>Das Recht, in bestimmten F\u00e4llen \u00fcber eine Verletzung des Schutzes personenbezogener Daten informiert zu werden.<\/li>\n<\/ul>\n<p>Sie k\u00f6nnen jederzeit eine Beschwerde \u00fcber die Verarbeitung Ihrer personenbezogenen Daten oder die Nichterf\u00fcllung der Pflichten des Verantwortlichen aus der DSGVO bei der Aufsichtsbeh\u00f6rde einreichen. Die Aufsichtsbeh\u00f6rde ist in der Tschechischen Republik das Amt f\u00fcr den Schutz personenbezogener Daten mit Sitz in Pplk. Sochora 27, 170&nbsp;00 Praha 7, <a href=\"http:\/\/www.uoou.cz\/\" target=\"_blank\" rel=\"noopener\">www.uoou.cz<\/a>.  <\/p>\n<h3>Aktualisierung der Datenschutzbestimmungen<\/h3>\n<p>Wir k\u00f6nnen die Datenschutzbestimmungen fortlaufend anpassen oder aktualisieren. Jegliche \u00c4nderungen dieser Datenschutzbestimmungen werden mit ihrer Ver\u00f6ffentlichung auf dieser Seite wirksam. <\/p>\n<p>Diese Bedingungen treten am 01.&nbsp;in Kraft. 01.&nbsp;2025.<\/p>\t\t\t\t\t\t\t\t<\/div>\n\t\t\t\t<\/div>\n\t\t\t\t\t<\/div>\n\t\t\t\t<\/div>\n\t\t\t\t<\/div>\n\t\t","protected":false},"excerpt":{"rendered":"<p>Sie erteilen die Einwilligung zur Verarbeitung personenbezogener Daten an: Subjekt: Z\u00e1me\u010dek L\u00e1ny s.r.o.Sitz: Zrzav\u00e9ho 1705\/2a, \u0158epy, 163&nbsp;00 PrahaI\u010cO: 09322329Rechtsform: Gesellschaft mit beschr\u00e4nkter Haftung damit diese in \u00dcbereinstimmung mit dem Gesetz \u00fcber den Schutz personenbezogener Daten und der DSGVO als Verantwortlicher personenbezogene Daten gem\u00e4\u00df den nachstehenden Bedingungen verarbeitet. Beim Umgang mit personenbezogenen Daten verfahren wir in [&hellip;]<\/p>\n","protected":false},"author":2,"featured_media":0,"parent":0,"menu_order":0,"comment_status":"closed","ping_status":"closed","template":"","meta":{"footnotes":"","_links_to":"","_links_to_target":""},"class_list":["post-2002","page","type-page","status-publish","hentry"],"_links":{"self":[{"href":"https:\/\/www.zameceklany.cz\/de\/wp-json\/wp\/v2\/pages\/2002","targetHints":{"allow":["GET"]}}],"collection":[{"href":"https:\/\/www.zameceklany.cz\/de\/wp-json\/wp\/v2\/pages"}],"about":[{"href":"https:\/\/www.zameceklany.cz\/de\/wp-json\/wp\/v2\/types\/page"}],"author":[{"embeddable":true,"href":"https:\/\/www.zameceklany.cz\/de\/wp-json\/wp\/v2\/users\/2"}],"replies":[{"embeddable":true,"href":"https:\/\/www.zameceklany.cz\/de\/wp-json\/wp\/v2\/comments?post=2002"}],"version-history":[{"count":1,"href":"https:\/\/www.zameceklany.cz\/de\/wp-json\/wp\/v2\/pages\/2002\/revisions"}],"predecessor-version":[{"id":2003,"href":"https:\/\/www.zameceklany.cz\/de\/wp-json\/wp\/v2\/pages\/2002\/revisions\/2003"}],"wp:attachment":[{"href":"https:\/\/www.zameceklany.cz\/de\/wp-json\/wp\/v2\/media?parent=2002"}],"curies":[{"name":"wp","href":"https:\/\/api.w.org\/{rel}","templated":true}]}}

<div data-elementor-type="wp-page" data-elementor-id="2002" class="elementor elementor-2002 elementor-3" data-elementor-post-type="page">
				<div class="elementor-element elementor-element-304b077 e-flex e-con-boxed e-con e-parent" data-id="304b077" data-element_type="container" data-settings="{&quot;background_background&quot;:&quot;classic&quot;}">
					<div class="e-con-inner">
		<div class="elementor-element elementor-element-0518555 e-grid e-con-boxed e-con e-child" data-id="0518555" data-element_type="container">
					<div class="e-con-inner">
				<div class="elementor-element elementor-element-9cb37a0 elementor-widget elementor-widget-text-editor" data-id="9cb37a0" data-element_type="widget" data-widget_type="text-editor.default">
				<div class="elementor-widget-container">
									<p>Sie erteilen die Einwilligung zur Verarbeitung personenbezogener Daten an:</p><p><strong>Subjekt</strong>: Zámeček Lány s.r.o.<br><strong>Sitz</strong>: Zrzavého 1705/2a, Řepy, 163&nbsp;00 Praha<br><strong>IČO</strong>: 09322329<br><strong>Rechtsform</strong>: Gesellschaft mit beschränkter Haftung</p><p>damit diese in Übereinstimmung mit dem Gesetz über den Schutz personenbezogener Daten und der DSGVO als Verantwortlicher personenbezogene Daten gemäß den nachstehenden Bedingungen verarbeitet.</p>								</div>
				</div>
				<div class="elementor-element elementor-element-7c1e81c elementor-widget elementor-widget-text-editor" data-id="7c1e81c" data-element_type="widget" data-widget_type="text-editor.default">
				<div class="elementor-widget-container">
									<p>Beim Umgang mit personenbezogenen Daten verfahren wir in Übereinstimmung mit der Rechtsordnung der Tschechischen Republik und den unmittelbar anwendbaren Vorschriften der Europäischen Union, insbesondere mit dem Gesetz Nr. 110/2019 Slg. über die Verarbeitung personenbezogener Daten in der Fassung späterer Vorschriften, dem Gesetz Nr. 480/2004 Slg. sowie in Übereinstimmung mit Artikel 13 der Verordnung (EU) 2016/679 des Europäischen Parlaments und des Rates vom 27. April 2016, der Datenschutz-Grundverordnung über bestimmte Dienste der Informationsgesellschaft und zur Änderung bestimmter Gesetze in der Fassung späterer Vorschriften.</p>
<p>In den folgenden Zeilen erläutern wir Ihnen, wie und zu welchem Zweck wir Ihre personenbezogenen Daten verarbeiten und wer deren Verarbeiter sein können. Diese Informationen sind wichtig, daher hoffen wir, dass Sie sich die Zeit nehmen und alles sorgfältig lesen. </p>								</div>
				</div>
					</div>
				</div>
				<div class="elementor-element elementor-element-b86052b elementor-widget elementor-widget-text-editor" data-id="b86052b" data-element_type="widget" data-widget_type="text-editor.default">
				<div class="elementor-widget-container">
									<h3>Welche Daten verarbeiten wir als Verantwortliche?</h3>
<h4>Ausfüllen des Formulars</h4>
<ul>
<li>Vor- und Nachname</li>
<li>Telefonnummer</li>
<li>E-Mail-Adresse</li>
</ul>
<h3>Wann ist keine Einwilligung zur Verarbeitung personenbezogener Daten erforderlich?</h3>
<p>Wir dürfen personenbezogene Daten auch ohne Ihre Einwilligung nur für folgende Zwecke verarbeiten:</p>
<ul>
<li><b><strong>Erfüllung eines Vertrags, dessen Gegenstand die Erbringung einer Dienstleistung oder eines Produkts ist</strong></b></li>
<li><b><strong>Erfüllung rechtlicher Verpflichtungen</strong></b>, die sich für uns aus allgemein verbindlichen Rechtsvorschriften ergeben.</li>
<li>Verarbeitung im Rahmen des <b><strong>berechtigten Interesses</strong></b> (z. B. für Direktmarketing, Gewährleistung der Sicherheit und des Schutzes des Lebens).</li>
</ul>
<h3>Zu welchem Zweck verwalten wir personenbezogene Daten und wie lange?</h3>
<p>Die Daten können für Geschäfts- und Marketingzwecke verwendet werden, d. h. zur Führung einer Datenbank von Nutzern der Webseite und zur Anbietung von Waren und Dienstleistungen, und zwar für die Dauer des Bestehens des Rechtsgrundes für diese Art der Verarbeitung und Nutzung von personenbezogenen und anderen Daten. Mit anderen Worten, wir erheben Ihre personenbezogenen Daten, um Ihnen die Nutzung unserer Dienste zu ermöglichen und Sie über Neuigkeiten zu informieren. Lesen Sie mehr darüber, zu welchem Zweck wir die einzelnen Daten je nach Ort ihrer Ausfüllung verwalten.   </p>
<p><b><strong>Ausfüllen des Formulars</strong></b> – Verarbeitung der personenbezogenen Daten, die beim Ausfüllen der Formularzustimmung angegeben werden, zum Zwecke der Vertragserfüllung, d. h. zum Zwecke der Lieferung von Waren oder der Erbringung von Dienstleistungen. Darüber hinaus können wir diese Daten verarbeiten, um unsere gesetzlichen Verpflichtungen zu erfüllen (insbesondere Evidenzpflichten, Archivierung von Steuerbelegen usw.) und zum Zwecke des Schutzes unserer Rechtsansprüche. </p>
<p><b><strong>Identifikations- und Adressdaten</strong></b> können wir in Übereinstimmung mit dem sogenannten berechtigten Interesse für die Erstellung interner Statistiken verwenden. Wir verwenden anonymisierte Ergebnisse aus diesen Statistiken, um unsere Dienstleistungen zu verbessern, einschließlich der Analyse des Nutzerverhaltens und des Marketings.  </p>
<p><b><strong>Personenbezogene Daten, die über Cookies erhalten werden</strong></b>, verarbeiten wir auf der Grundlage Ihrer Einwilligung (die Sie durch Bestätigung auf der Weboberfläche erteilen können, nachdem Sie auf die Verwendung von Cookies hingewiesen wurden und die Möglichkeit hatten, sich mit diesen Richtlinien vertraut zu machen). Wir sind berechtigt, personenbezogene Daten, die über Cookies gewonnen werden, auch dann zu verarbeiten, wenn Sie die Weboberfläche weiterhin nutzen, nachdem Sie auf die Verarbeitung dieser personenbezogenen Daten hingewiesen wurden. Wir verwenden personenbezogene Daten, die wir über Cookies erhalten, für Zwecke der Durchführung des Nutzersupports, der Verbesserung unserer Dienstleistungen einschließlich der Analyse des Nutzerverhaltens und des Marketings.  </p>
<p>Alle für die oben genannten Zwecke bereitgestellten personenbezogenen Daten werden völlig freiwillig bereitgestellt, und die Äußerung ihrer Zustimmung erfolgt durch aktive Interaktion (Ankreuzen) des Feldes mit der Zustimmung zu ihrer Verarbeitung oder auf der Grundlage eines berechtigten Interesses. Die Verarbeitung von Daten zu diesem Zweck können Sie jederzeit per E-Mail widerrufen. </p>
<h3>Welche Rechte habe ich im Zusammenhang mit dem Schutz personenbezogener Daten?</h3>
<ul>
<li>Von uns eine Auskunft darüber zu verlangen, welche Ihrer personenbezogenen Daten wir verarbeiten.</li>
<li>Von uns eine Erläuterung zur Verarbeitung personenbezogener Daten zu verlangen.</li>
<li>Bei uns Zugang zu diesen Daten zu beantragen und diese aktualisieren oder korrigieren zu lassen.</li>
<li>Von uns die Löschung dieser personenbezogenen Daten zu verlangen.</li>
<li>Die Übertragung von Daten zu verlangen.</li>
<li>Das Recht, in bestimmten Fällen über eine Verletzung des Schutzes personenbezogener Daten informiert zu werden.</li>
</ul>
<p>Sie können jederzeit eine Beschwerde über die Verarbeitung Ihrer personenbezogenen Daten oder die Nichterfüllung der Pflichten des Verantwortlichen aus der DSGVO bei der Aufsichtsbehörde einreichen. Die Aufsichtsbehörde ist in der Tschechischen Republik das Amt für den Schutz personenbezogener Daten mit Sitz in Pplk. Sochora 27, 170&nbsp;00 Praha 7, <a href="http://www.uoou.cz/" target="_blank" rel="noopener">www.uoou.cz</a>.  </p>
<h3>Aktualisierung der Datenschutzbestimmungen</h3>
<p>Wir können die Datenschutzbestimmungen fortlaufend anpassen oder aktualisieren. Jegliche Änderungen dieser Datenschutzbestimmungen werden mit ihrer Veröffentlichung auf dieser Seite wirksam. </p>
<p>Diese Bedingungen treten am 01.&nbsp;in Kraft. 01.&nbsp;2025.</p>								</div>
				</div>
					</div>
				</div>
				</div>

<p>Sie erteilen die Einwilligung zur Verarbeitung personenbezogener Daten an: Subjekt: Zámeček Lány s.r.o.Sitz: Zrzavého 1705/2a, Řepy, 163&nbsp;00 PrahaIČO: 09322329Rechtsform: Gesellschaft mit beschränkter Haftung damit diese in Übereinstimmung mit dem Gesetz über den Schutz personenbezogener Daten und der DSGVO als Verantwortlicher personenbezogene Daten gemäß den nachstehenden Bedingungen verarbeitet. Beim Umgang mit personenbezogenen Daten verfahren wir in [&hellip;]</p>
